d - 4*d**3. Let r be j(-1). Let y(q) = -3 + 6 - 2*q + 4*q - q**r - 5*q**2 - 3*q. What is y(-4)?
-9
Let w(y) be the second derivative of -y**5/20 - y**4/2 - 5*y**3/6 + 2*y**2 + 2*y. Let t be ((-3)/(-6))/(1/(-14)). Let u be (2 - 0) + 0 + t. Give w(u).
4
Let y(b) be the first derivative of 1/4*b**4 - 2*b - 2*b**2 + 4 + b**3. Give y(-4).
-2
Let g(n) = n**2 + 2*n - 2. Suppose -5*w + 2*o = -55, 2*w - 4*o - 11 = 3*w. Let x be (-2)/(-4)*(-2)/(-1). Let k be -6*(-3)/w*x. Calculate g(k).
6
Let y(c) be the second derivative of -c**4/12 + c**3/2 + c**2/2 + c. Calculate y(4).
-3
Let i = 10 + 2. Suppose 3*d = d - i. Let m(c) = 2*c + 9. What is m(d)?
-3
Let z(v) be the second derivative of -v**4/12 - 4*v**2 - v. Suppose -5*u = -6*u. Determine z(u).
-8
Let b(p) = 2*p. Let o(w) = w**2 - 18*w + 21. Let r be o(17). Determine b(r).
8
Suppose 5*i + t = 72 - 25, -35 = -5*i - 5*t. Let f(l) = -2*l - l**2 + 6*l - 3 + i. Let v = -6 - -11. Determine f(v).
2
Let o(s) = s**3 + 3*s**2 - 4*s + 3. Let f be o(-4). Suppose -f*r + 8 = r. Suppose x + x = -5*t - r, 3*t = -2*x + 2. Let b(l) = l**2 + 4*l. Determine b(t).
-4
Let k(u) = -u**2 + 3*u - 1. Let n be (-18)/(-15)*15/6. Let f be n*(4/(-2) - -3). Give k(f).
-1
Let k(i) = i. Let f be k(4). Suppose 3*r + 7 = f*n - 7, -2*n = 3*r - 16. Let j(p) = 2*p**2 + 4*p - 5*p - r + 2*p. Calculate j(-2).
4
Let x(f) = 2*f + 5. Suppose 2*v + 21 = -v. Calculate x(v).
-9
Let m(p) = -2*p**2 + 3*p - 2. Let b be m(2). Let o = -3 - -6. Let j(g) = -4 + 3*g + 2 - o + g**2. Calculate j(b).
-1
Let p(t) = 0*t - 3*t - 2 + 6*t + 0*t. Calculate p(6).
16
Let b(a) be the first derivative of 5*a - 2*a**2 - 7/3*a**3 - 4 - 1/4*a**4. What is b(-6)?
-7
Let x be (-3)/(1/(2/(-3))). Let g(t) = -9*t**2 + t + 4*t**2 + 6*t**2. Give g(x).
6
Let i be (12/(-50)*-5)/((-2)/10). Let d(w) = w**2 + 5*w + 6. Calculate d(i).
12
Let m(o) = -5*o + o**2 + 15*o + 235 - 234. Determine m(-8).
-15
Let a(k) = -k**3 - 6*k**2 + k. Let l be -3 + (-2 - 1) + 0. Let t be a(l). Let x be -3*(t/(-3) + -1). Let m(v) = 2*v + 4. Calculate m(x).
-2
Let f be (-15)/(-5) + (0 - 3) - 0. Let t(z) be the second derivative of f*z**4 - z + 0*z**2 + 0 - 1/10*z**5 + 1/6*z**3. Determine t(1).
-1
Suppose 6*k - 12 = 3*k. Let o(f) = -6*f + 3. Let h(w) = 5*w - 3. Let d(j) = k*o(j) + 5*h(j). Suppose -1 = 2*t - 3*l, 0 = -2*t - t + 4*l. Determine d(t).
1
Let j(k) = -3*k**3 - 12*k**2 + 7*k + 15. Let n(d) = -d**3 - 4*d**2 + 2*d + 5. Let r(y) = 3*j(y) - 8*n(y). Suppose 0 = 4*c - 0 + 20. What is r(c)?
5
Let i(n) = n - 15. Let z be i(20). Let j(v) be the first derivative of v**3/3 - 3*v**2 + 4*v + 2. Give j(z).
-1
Let o(y) = -2 + y**2 - 3*y + 14*y - 4*y - 3*y. Let f be ((-3)/(-4) - 0)*-8. Give o(f).
10
Let q(g) = -g**2 - 3*g + 4. Let l be (-4 + 14 - 0)/(-2). Calculate q(l).
-6
Let n(y) = -y**3 + 14*y**2 - 15*y + 21. Let s be n(13). Let u(a) = 4*a - 5. Determine u(s).
-25
Let n = 29 - -20. Let d be (6/7)/((-7)/n). Let i(x) = -2*x - 5. Determine i(d).
7
Let f(x) be the first derivative of 2 + 0*x**2 - 5/3*x**3 + x. Let m be ((-2)/6)/(2/(-6)). Determine f(m).
-4
Suppose 4*j - a + 22 = 4*a, 5*j + 9 = -3*a. Let n(p) = -p**3 - 6*p**2 - 3*p + 2. Give n(j).
-16
Let b(a) be the first derivative of 0*a**3 - 2 - a - 1/2*a**2 - 1/12*a**4. Let k(g) be the first derivative of b(g). Determine k(3).
-10
Let k(l) be the first derivative of l**4/2 - l**2 - 3*l - 3. What is k(-2)?
-15
Let j be 40/12 - 6/(-9). Let f(u) = j*u**2 + u**2 - 2*u**3 + u**3 - u. Determine f(5).
-5
Let h(i) = i**3 - 7*i**2 + 5. Let u be h(7). Let o(q) be the third derivative of -q**2 - 1/12*q**5 - 2/3*q**3 + 1/120*q**6 + 0*q**4 + 0*q + 0. Calculate o(u).
-4
Let k(v) = -v + 3. Let t be (1 - 1)/((-20)/10). Give k(t).
3
Suppose -4*k - 4*x + 16 = 0, 5*x = -6*k + 2*k + 18. Suppose k*m + s = -10, -5*m - 10 = -3*s - 2*s. Let i(b) = b**3 + 3*b**2 - 6*b - 5. Determine i(m).
3
Suppose 2*l = -h + 49, -3*h - l + 173 = 36. Let o = h - 25. Let s(x) = 2*x**2 + 2 - 1 - 19*x + o*x. Calculate s(-1).
2
Let c(w) = -6*w + w + 3*w. Let x be (-10)/(-15)*(-30)/4. Let l be 1*-1 - (x + 6). What is c(l)?
4
Suppose 7*x - 3 = 32. Let n(y) = 2*y + 2*y**2 - 3 + 2*y - 3*y**2. Determine n(x).
-8
Let h(y) = 3 + 67*y + 4*y**2 - y**3 + 1 - 72*y. Calculate h(3).
-2
Let g(v) be the third derivative of -v**6/120 - v**5/15 + 5*v**4/24 + 5*v**3/6 - 9*v**2. What is g(-5)?
5
Let b(w) = -10 + 32 - w - 18. Determine b(7).
-3
Let a(p) = -2*p - 2*p + 1 - p**2 + 2*p**2 - 3*p. Let f be a(6). Let t(y) = y**2 + 7*y + 6. Determine t(f).
-4
Let k(t) = t**3 - 3*t**2 - 5 + 1 + 0*t**2. Suppose 5 = d + 2. Determine k(d).
-4
Let s(u) = 7*u**2 + u + 1. Suppose 5*h = 22 + 18. Let n be h/(-12) - (-22)/6. Let a(q) = q**3 - 2*q**2 - 4*q + 2. Let c be a(n). Give s(c).
7
Let a be (-1)/3 - (-14)/(-3). Let v be ((-2)/(-2) + -2)*a. Suppose -v*m + 0*m - 20 = 0. Let o(i) = -i - 8. What is o(m)?
-4
Let c(p) be the third derivative of -p**5/60 - p**3 - 2*p**2. Suppose -33*g + 37*g = 0. Determine c(g).
-6
Let i(u) = 3*u + 2. Let f be i(-1). Let j(k) = 3*k**2 + 2*k + 1. Determine j(f).
2
Let x(a) be the third derivative of -a**4/24 + 4*a**2. Give x(6).
-6
Let z(m) be the third derivative of -m**4/12 + m**3 - m**2. Calculate z(5).
-4
Let d(j) be the second derivative of j**5/4 - j**4/12 + j**3/6 + j**2/2 + 3*j. Calculate d(-1).
-6
Suppose -2*d = -5*p + 20, -2*p = 3*d + d + 16. Suppose p*q + 3*q = 0. Let w(i) be the third derivative of i**6/120 - i**5/60 - i**3 + 5*i**2. What is w(q)?
-6
Let y be 1 - (-3)/(1 + 2). Let s(w) = 6*w**2 - 16*w**y + 0 + 1. Suppose -5*b = -3*p - 4 - 3, 2*p = 2*b - 6. What is s(b)?
-9
Let o(q) be the second derivative of q**4/24 + 5*q**3/6 - 2*q**2 + 3*q. Let t(k) be the first derivative of o(k). Determine t(5).
10
Let i(g) = -4*g - 2*g + 4*g + 23 - 18. Give i(5).
-5
Let p(a) = -7*a**2 - 9 + a**3 + 7*a**2 + 3*a**2 + 6*a**2 - a. Calculate p(-9).
0
Suppose -12 = l + 1. Let j = -7 - l. Let y(z) = z - 4. What is y(j)?
2
Let w be (-4 + 7)/((0 - -1)*-1). Let i(v) = -4*v**2 - 3*v + 4. What is i(w)?
-23
Suppose -2*d = -4*o + 3*o - 5, 0 = 2*o + 4*d - 22. Suppose -24 = -o*b - b. Let t(m) = m - 6. What is t(b)?
0
Let b(n) be the third derivative of -n**6/720 - n**5/60 - n**4/24 + 3*n**2. Let h(o) be the second derivative of b(o). Calculate h(-4).
2
Let h(s) = -4 + 2 + 0*s - 2*s. Let c(x) = x**2 + 17*x + 2. Let i be c(-17). Calculate h(i).
-6
Let a(s) = -s + 1. Let k(t) = 5*t - 3. Let x(h) = 3*a(h) + k(h). Let c = -25 - -26. Give x(c).
2
Let z = 11 + 3. Let g = z - 8. Let n be 2/(2/g - 1). Let r(f) = -f - 4. What is r(n)?
-1
Let c(g) = -4*g**2 + 2*g + 1. Let s be c(-1). Suppose -2*x + 9 + 19 = -4*y, -x + 22 = -3*y. Let z = s - y. Let l(m) = m**3 - 4*m**2 + 3*m + 1. What is l(z)?
1
Let m = -3 - -5. Let o(z) = z - 3. Let r be o(m). Let t(g) = 4*g**3 + g**2 - 1. Calculate t(r).
-4
Suppose 6*v = m + v - 11, 4*v = -4. Let u(p) = 4*p - 2 + 4*p - 6 - 68*p**3 + 67*p**3 + 5*p**2. Calculate u(m).
4
Let a = 31 + -32. Let r(l) = 8*l**3 - l**2 - l. Determine r(a).
-8
Let j be 6/(-27) - (-20)/9. Let a(v) = -4*v**2 - 6 + 0 + 5*v + 3*v**j + 0*v**2. Let d = -10 - -15. Give a(d).
-6
Suppose -3*g = 5*i - 4*i - 3, -2*i = -2*g + 10. Let l(j) = 3*j + 4. Determine l(i).
-5
Let c(i) = -i. Suppose -2 = -3*n + 2*n. Suppose -y = 2*p + 3, n*p + 2 = -3*y + 5. What is c(y)?
-3
Let k = -1 - 1. Let h(y) = -3 + 4 + 3*y + 1 + 11*y**3 - 13*y**3 - 2*y**2. Calculate h(k).
4
Suppose 10 = -p + 6*p. Suppose 2*x + p*x = 0. Let l(h) = h**2 + 5. Determine l(x).
5
Let a(t) = 2*t**2 + 4*t**2 + 35*t - 34*t - 5*t**2 + 2. Calculate a(-2).
4
Let m(r) = 2*r + 0*r + 1 - 3*r. Give m(3).
-2
Suppose -2*h + 10 = -4*a, 2*h - h = -5*a + 5. Let s(t) = -11*t - 7. Let p(b) = -2 - 6*b + 3 - 5. Let j(x) = h*p(x) - 3*s(x). Calculate j(-2).
-5
Let c(z) = 3*z - 2*z + 0*z. Let f be c(5). Let y(t) = t**3 - 6*t**2 + 5*t - 6. Give y(f).
-6
Let j be (18/10)/((-3)/(-10)). Suppose j*l + 4*s + 20 = l, 4*l = 4*s - 16. Let w be (-6)/4*8/l. Let o(a) = -3*a + 1. Calculate o(w).
-8
Let t(m) = 2*m**3 + 3*m**2 + 2*m. Suppose 2 = a - 0*a. Suppose 0 = -3*g - 3*y, 0 = -a*g - y + 1 - 3. What is t(g)?
-8
Let s(t) = t - 7. Let d be s(8). Let i(c) be the first derivative of 3*c**5/20 + c**4/12 - 2*c - 1. Let k(u) be the first derivative of i(u). What is k(d)?
4
Suppose 1 = 3*r + 13. Let d be 0 + -2 - r - 8. 